{"id":2038,"date":"2019-08-07T11:20:48","date_gmt":"2019-08-07T11:20:48","guid":{"rendered":"http:\/\/www.recantodalua.com\/novo\/?page_id=2038"},"modified":"2024-03-06T13:19:09","modified_gmt":"2024-03-06T13:19:09","slug":"agenda","status":"publish","type":"page","link":"http:\/\/recantodalua.com\/novo\/agenda\/","title":{"rendered":"Agenda"},"content":{"rendered":"<div class=\"wpb-content-wrapper\"><p>[vc_row full_width=&#8221;stretch_row_content_no_spaces&#8221; hide_bg_image_on_tablet=&#8221;&#8221; hide_bg_image_on_mobile=&#8221;&#8221;][vc_column][vc_single_image source=&#8221;external_link&#8221; external_img_size=&#8221;full&#8221; alignment=&#8221;center&#8221; custom_src=&#8221;http:\/\/recantodalua.com\/novo\/wp-content\/uploads\/2019\/08\/img-pagina-agenda.jpg&#8221;][\/vc_column][\/vc_row][vc_row content_placement=&#8221;top&#8221; hide_bg_image_on_tablet=&#8221;&#8221; hide_bg_image_on_mobile=&#8221;&#8221;][vc_column]<div id=\"sc_title_2077173912\"\n\t\tclass=\"sc_title color_style_default sc_title_default  vc_custom_1565176873487\"><h3 class=\"sc_item_title sc_title_title sc_align_center sc_item_title_style_default sc_item_title_tag\">AGENDA<\/h3><\/div><!-- \/.sc_title -->[vc_empty_space height=&#8221;200px&#8221; alter_height=&#8221;medium&#8221; hide_on_desktop=&#8221;&#8221; hide_on_notebook=&#8221;&#8221; hide_on_tablet=&#8221;&#8221; hide_on_mobile=&#8221;&#8221;][vc_column_text]<\/p>\n<div align=\"justify\">Ol\u00e1! Esta agenda \u00e9 para voc\u00ea poder consultar a disponibilidade da data que possui interesse.<\/div>\n<div align=\"justify\">Sua data est\u00e1 dispon\u00edvel? Entre em contato conosco <a href=\"https:\/\/api.whatsapp.com\/send?phone=5534991111604&amp;text=Poderia%20me%20passar%20informa%C3%A7%C3%B5es%20sobre%20a%20Ch%C3%A1cara%20Recanto%20da%20Lua%3F%20(Site)\" target=\"_blank\" rel=\"noopener noreferrer\">clicando aqui<\/a> ou envie uma mensagem para o nosso WhatsApp (34) 9 9111-1604, ser\u00e1 um prazer atend\u00ea-los!<\/div>\n<p>[\/vc_column_text][\/vc_column][\/vc_row][vc_row content_placement=&#8221;top&#8221; hide_bg_image_on_tablet=&#8221;&#8221; hide_bg_image_on_mobile=&#8221;&#8221;][vc_column][vc_empty_space height=&#8221;200px&#8221; alter_height=&#8221;medium&#8221; hide_on_desktop=&#8221;&#8221; hide_on_notebook=&#8221;&#8221; hide_on_tablet=&#8221;&#8221; hide_on_mobile=&#8221;&#8221;][vc_raw_html]JTNDZGl2JTIwYWxpZ24lM0QlMjJjZW50ZXIlMjIlM0UlMEElM0NpZnJhbWUlMjBzcmMlM0QlMjJodHRwcyUzQSUyRiUyRmNhbGVuZGFyLmdvb2dsZS5jb20lMkZjYWxlbmRhciUyRmIlMkYxJTJGZW1iZWQlM0ZoZWlnaHQlM0Q2MDAlMjZhbXAlM0J3a3N0JTNEMSUyNmFtcCUzQmJnY29sb3IlM0QlMjUyM2ZmZmZmZiUyNmFtcCUzQmN0eiUzREFtZXJpY2ElMjUyRlNhb19QYXVsbyUyNmFtcCUzQnNob3dUaXRsZSUzRDElMjZhbXAlM0JzcmMlM0RjbVZqWVc1MGIyUmhiSFZoZFdKbGNteGhibVJwWVVCbmJXRnBiQzVqYjIwJTI2YW1wJTNCY29sb3IlM0QlMjUyMzAzOUJFNSUyNmFtcCUzQnNob3dEYXRlJTNEMSUyNmFtcCUzQnNob3dQcmludCUzRDAlMjZhbXAlM0JzaG93VGFicyUzRDAlMjZhbXAlM0JzaG93Q2FsZW5kYXJzJTNEMSUyNmFtcCUzQnRpdGxlJTNEQ2glMjVDMyUyNUExY2FyYSUyNTIwUmVjYW50byUyNTIwZGElMjUyMEx1YSUyMiUyMHN0eWxlJTNEJTIyYm9yZGVyLXdpZHRoJTNBMCUyMiUyMHdpZHRoJTNEJTIyMTAwJTI1JTIyJTIwaGVpZ2h0JTNEJTIyNjAwJTIyJTIwZnJhbWVib3JkZXIlM0QlMjIwJTIyJTIwc2Nyb2xsaW5nJTNEJTIybm8lMjIlM0UlM0MlMkZpZnJhbWUlM0UlMEElM0MlMkZkaXYlM0U=[\/vc_raw_html][vc_empty_space height=&#8221;100px&#8221; alter_height=&#8221;medium&#8221; hide_on_desktop=&#8221;&#8221; hide_on_notebook=&#8221;&#8221; hide_on_tablet=&#8221;&#8221; hide_on_mobile=&#8221;&#8221;][\/vc_column][\/vc_row][vc_row full_width=&#8221;stretch_row&#8221; hide_bg_image_on_tablet=&#8221;&#8221; hide_bg_image_on_mobile=&#8221;&#8221; css=&#8221;.vc_custom_1566009090211{background-image: url(http:\/\/www.recantodalua.com\/novo\/wp-content\/uploads\/2019\/08\/imagem-rodape-05.jpg?id=2342) !important;background-position: top left !important;background-repeat: no-repeat !important;background-size: cover !important;}&#8221;][vc_column][vc_empty_space height=&#8221;6em&#8221; alter_height=&#8221;none&#8221; hide_on_desktop=&#8221;&#8221; hide_on_notebook=&#8221;&#8221; hide_on_tablet=&#8221;&#8221; hide_on_mobile=&#8221;&#8221;][vc_empty_space height=&#8221;6em&#8221; alter_height=&#8221;none&#8221; hide_on_desktop=&#8221;&#8221; hide_on_notebook=&#8221;&#8221; hide_on_tablet=&#8221;1&#8243; hide_on_mobile=&#8221;1&#8243;]<div  id=\"sc_action_1298465544\" \n\tclass=\"sc_action color_style_default scheme_dark sc_action_default\"><div class=\"sc_action_content sc_item_content\"><div class=\"sc_action_item sc_action_item_default sc_action_item_ml\">\n\t\t\t<h6 class=\"sc_action_item_subtitle\"><span>Sua felicidade \u00e9 o que importa<\/span><\/h6><h3 class=\"sc_action_item_title\"><span><span class=\"sc_action_item_title_part\">Realize o seu sonho<\/span><\/span><span><span class=\"sc_action_item_title_part\"><\/span><\/span><span><span class=\"sc_action_item_title_part\">com qualidade e conforto<\/span><span class=\"sc_action_item_title_part\">.<\/span><\/span><\/h3><\/div><\/div><\/div><!-- \/.sc_action -->[vc_empty_space height=&#8221;2.5em&#8221; alter_height=&#8221;none&#8221; hide_on_desktop=&#8221;&#8221; hide_on_notebook=&#8221;&#8221; hide_on_tablet=&#8221;&#8221; hide_on_mobile=&#8221;&#8221;]<a href=\"\/novo\/nosso-espaco\/\" id=\"sc_button_1833680931\" class=\"sc_button color_style_default sc_button_light sc_button_size_normal sc_button_icon_left\"><span class=\"sc_button_text sc_align_center\"><span class=\"sc_button_title\">CONHE\u00c7A NOSSO ESPA\u00c7O<\/span><\/span><!-- \/.sc_button_text --><\/a><!-- \/.sc_button -->[vc_empty_space height=&#8221;6em&#8221; alter_height=&#8221;none&#8221; hide_on_desktop=&#8221;&#8221; hide_on_notebook=&#8221;&#8221; hide_on_tablet=&#8221;&#8221; hide_on_mobile=&#8221;&#8221;][vc_empty_space height=&#8221;6em&#8221; alter_height=&#8221;none&#8221; hide_on_desktop=&#8221;&#8221; hide_on_notebook=&#8221;&#8221; hide_on_tablet=&#8221;1&#8243; hide_on_mobile=&#8221;1&#8243;][\/vc_column][\/vc_row]<\/p>\n<\/div>","protected":false},"excerpt":{"rendered":"<p>[vc_row full_width=&#8221;stretch_row_content_no_spaces&#8221; hide_bg_image_on_tablet=&#8221;&#8221; hide_bg_image_on_mobile=&#8221;&#8221;][vc_column][vc_single_image source=&#8221;external_link&#8221; external_img_size=&#8221;full&#8221; alignment=&#8221;center&#8221; custom_src=&#8221;http:\/\/recantodalua.com\/novo\/wp-content\/uploads\/2019\/08\/img-pagina-agenda.jpg&#8221;][\/vc_column][\/vc_row][vc_row content_placement=&#8221;top&#8221; hide_bg_image_on_tablet=&#8221;&#8221; hide_bg_image_on_mobile=&#8221;&#8221;][vc_column][vc_empty_space height=&#8221;200px&#8221; alter_height=&#8221;medium&#8221; hide_on_desktop=&#8221;&#8221; hide_on_notebook=&#8221;&#8221; hide_on_tablet=&#8221;&#8221; hide_on_mobile=&#8221;&#8221;][vc_column_text] Ol\u00e1! Esta agenda \u00e9 para voc\u00ea poder consultar a disponibilidade da data que&hellip;<\/p>\n","protected":false},"author":1,"featured_media":0,"parent":0,"menu_order":0,"comment_status":"closed","ping_status":"closed","template":"","meta":{"_exactmetrics_skip_tracking":false,"_exactmetrics_sitenote_active":false,"_exactmetrics_sitenote_note":"","_exactmetrics_sitenote_category":0,"footnotes":""},"class_list":["post-2038","page","type-page","status-publish","hentry"],"_links":{"self":[{"href":"http:\/\/recantodalua.com\/novo\/wp-json\/wp\/v2\/pages\/2038","targetHints":{"allow":["GET"]}}],"collection":[{"href":"http:\/\/recantodalua.com\/novo\/wp-json\/wp\/v2\/pages"}],"about":[{"href":"http:\/\/recantodalua.com\/novo\/wp-json\/wp\/v2\/types\/page"}],"author":[{"embeddable":true,"href":"http:\/\/recantodalua.com\/novo\/wp-json\/wp\/v2\/users\/1"}],"replies":[{"embeddable":true,"href":"http:\/\/recantodalua.com\/novo\/wp-json\/wp\/v2\/comments?post=2038"}],"version-history":[{"count":21,"href":"http:\/\/recantodalua.com\/novo\/wp-json\/wp\/v2\/pages\/2038\/revisions"}],"predecessor-version":[{"id":2799,"href":"http:\/\/recantodalua.com\/novo\/wp-json\/wp\/v2\/pages\/2038\/revisions\/2799"}],"wp:attachment":[{"href":"http:\/\/recantodalua.com\/novo\/wp-json\/wp\/v2\/media?parent=2038"}],"curies":[{"name":"wp","href":"https:\/\/api.w.org\/{rel}","templated":true}]}}